-144
What is 401 (base 6) in base 12?
101
Convert -2 (base 9) to base 10.
-2
-101 (base 3) to base 9
-11
What is -2221 (base 3) in base 4?
-1033
What is 1 (base 6) in base 4?
1
-2 (base 9) to base 2
-10
Convert -104 (base 6) to base 3.
-1111
Convert 7 (base 15) to base 8.
7
Convert -46 (base 12) to base 7.
-105
What is 20 (base 9) in base 2?
10010
What is 2 (base 6) in base 13?
2
Convert 0 (base 2) to base 5.
0
54 (base 14) to base 8
112
3 (base 15) to base 3
10
1 (base 9) to base 4
1
12 (base 5) to base 4
13
102 (base 3) to base 14
b
Convert 3c (base 13) to base 14.
39
-1 (base 15) to base 10
-1
Convert -11 (base 5) to base 4.
-12
160 (base 7) to base 6
231
What is -3 (base 4) in base 6?
-3
What is -ee (base 16) in base 6?
-1034
5 (base 16) to base 9
5
What is 63 (base 8) in base 3?
1220
What is 19 (base 11) in base 13?
17
What is -3 (base 5) in base 10?
-3
Convert 4 (base 6) to base 2.
100
What is 1 (base 14) in base 4?
1
Convert 0 (base 10) to base 9.
0
What is -341 (base 5) in base 9?
-116
Convert 0 (base 11) to base 2.
0
What is 12 (base 12) in base 6?
22
-41 (base 7) to base 4
-131
Convert 5 (base 13) to base 16.
5
Convert 0 (base 12) to base 7.
0
What is -432 (base 6) in base 10?
-164
-32 (base 11) to base 15
-25
Convert 0 (base 11) to base 14.
0
What is 2b (base 15) in base 16?
29
1001 (base 2) to base 12
9
What is 101 (base 2) in base 4?
11
27 (base 10) to base 14
1d
Convert -10 (base 3) to base 16.
-3
-2300 (base 5) to base 16
-145
-4 (base 15) to base 12
-4
Convert -31 (base 11) to base 15.
-24
Convert -5 (base 12) to base 5.
-10
What is -6 (base 10) in base 12?
-6
7 (base 9) to base 8
7
-4 (base 12) to base 14
-4
What is 2 (base 3) in base 6?
2
Convert 6 (base 10) to base 16.
6
-4 (base 14) to base 11
-4
Convert -1 (base 14) to base 2.
-1
-2 (base 10) to base 11
-2
1 (base 6) to base 3
1
-3 (base 4) to base 5
-3
What is -125 (base 11) in base 2?
-10010100
What is -2 (base 6) in base 3?
-2
-233 (base 5) to base 14
-4c
2 (base 10) to base 9
2
Convert -44 (base 15) to base 10.
-64
Convert -32 (base 6) to base 10.
-20
-1b (base 16) to base 12
-23
Convert -77 (base 8) to base 12.
-53
Convert -1 (base 12) to base 6.
-1
What is 1 (base 12) in base 2?
1
Convert 440 (base 6) to base 11.
143
-4 (base 12) to base 10
-4
-3 (base 9) to base 2
-11
Convert -b (base 13) to base 11.
-10
What is -28 (base 14) in base 4?
-210
What is 1332 (base 4) in base 2?
1111110
What is 2 (base 16) in base 8?
2
Convert 107 (base 13) to base 6.
452
Convert 26 (base 13) to base 9.
35
What is -19 (base 16) in base 5?
-100
What is -4 (base 12) in base 14?
-4
Convert 20 (base 4) to base 13.
8
-4 (base 6) to base 15
-4
What is -1010110 (base 2) in base 12?
-72
-7 (base 9) to base 11
-7
What is -1e (base 15) in base 16?
-1d
Convert 3 (base 9) to base 14.
3
What is -4c (base 13) in base 15?
-44
-7 (base 14) to base 9
-7
314 (base 5) to base 13
66
2321 (base 4) to base 2
10111001
-5 (base 11) to base 3
-12
Convert 3 (base 9) to base 4.
3
Convert -1 (base 5) to base 9.
-1
-16 (base 8) to base 16
-e
Convert -52 (base 7) to base 2.
-100101
Convert 0 (base 2) to base 15.
0
Convert -11 (base 5) to base 6.
-10
What is 1 (base 2) in base 11?
1
-4d (base 14) to base 11
-63
-7 (base 12) to base 5
-12
What is -1 (base 10) in base 16?
-1
Convert 13 (base 4) to base 11.
7
7 (base 12) to base 4
13
Convert 0 (base 5) to base 3.
0
What is -5 (base 7) in base 16?
-5
What is 31 (base 8) in base 16?
19
-210 (base 3) to base 16
-15
-97 (base 13) to base 9
-147
Convert -2 (base 16) to base 10.
-2
Convert -5 (base 10) to base 12.
-5
2 (base 12) to base 13
2
Convert 11 (base 6) to base 16.
7
What is -b (base 13) in base 11?
-10
30 (base 12) to base 10
36
What is 4 (base 15) in base 11?
4
Convert 3 (base 6) to base 8.
3
Convert -16 (base 8) to base 7.
-20
What is -43 (base 8) in base 4?
-203
What is -50 (base 10) in base 2?
-110010
Convert 2 (base 7) to base 3.
2
Convert -1a (base 13) to base 9.
-25
1 (base 16) to base 3
1
4 (base 11) to base 13
4
Convert -111 (base 7) to base 6.
-133
Convert 6 (base 12) to base 3.
20
Convert -184 (base 9) to base 2.
-10011101
Convert -1 (base 11) to base 6.
-1
Convert -61 (base 7) to base 6.
-111
Convert 0 (base 11) to base 10.
0
5 (base 9) to base 12
5
What is 7 (base 12) in base 13?
7
Convert -51 (base 6) to base 13.
-25
Convert -3 (base 12) to base 16.
-3
Convert -23 (base 9) to base 5.
-41
What is 29 (base 10) in base 12?
25
Convert 2 (base 10) to base 7.
2
Convert -4 (base 9) to base 8.
-4
What is -2 (base 12) in base 2?
-10
a1 (base 11) to base 9
133
What is -11 (base 2) in base 13?
-3
What is 0 (base 5) in base 14?
0
Convert -23 (base 4) to base 16.
-b
What is -201 (base 4) in base 13?
-27
Convert -100 (base 3) to base 13.
-9
Convert -1423 (base 5) to base 15.
-10d
What is -1111 (base 4) in base 6?
-221
-5 (base 14) to base 15
-5
Convert -174 (base 8) to base 5.
-444
-1 (base 8) to base 2
-1
2 (base 8) to base 2
10
What is 24 (base 7) in base 11?
17
What is 111 (base 2) in base 8?
7
-2 (base 3) to base 12
-2
Convert -3 (base 9) to base 14.
-3
2 (base 10) to base 11
2
Convert 193 (base 14) to base 12.
231
What is -3a (base 14) in base 15?
-37
Convert -1 (base 16) to base 9.
-1
What is -100 (base 2) in base 6?
-4
Convert 104 (base 5) to base 14.
21
Convert 1101011 (base 2) to base 12.
8b
Convert -11 (base 3) to base 11.
-4
What is 202 (base 11) in base 2?
11110100
Convert 111 (base 6) to base 10.
43
What is 0 (base 8) in base 12?
0
212 (base 7) to base 3
10222
Convert -101 (base 2) to base 3.
-12
-12 (base 11) to base 13
-10
15 (base 12) to base 3
122
What is 293 (base 10) in base 12?
205
Convert 1013 (base 4) to base 14.
51
What is -124 (base 6) in base 5?
-202
Convert 1 (base 12) to base 11.
1
What is -40 (base 5) in base 2?
-10100
Convert -15 (base 6) to base 9.
-12
Convert -3 (base 4) to base 8.
-3
6 (base 8) to base 7
6
Convert 18 (base 13) to base 14.
17
What is -21 (base 3) in base 13?
-7
-4 (base 7) to base 13
-4
What is -11 (base 3) in base 10?
-4
2 (base 13) to base 8
2
Convert -a (base 15) to base 16.
-a
What is -14 (base 12) in base 2?
-10000
-3 (base 13) to base 5
-3
2 (base 16) to base 4
2
What is 9 (base 14) in base 3?
100
-14 (base 12) to base 5
-31
What is 220 (base 3) in base 14?
1a
Convert 78 (base 12) to base 13.
71
What is 33 (base 16) in base 2?
110011
What is -60 (base 7) in base 9?
-46
Convert -100000 (base 2) to base 4.
-200
92 (base 16) to base 15
9b
Convert 38 (base 14) to base 13.
3b
254 (base 6) to base 4
1222
Convert -6 (base 14) to base 3.
-20
Convert -2 (base 6) to base 7.
-2
What is -1 (base 2) in base 6?
-1
Convert 186 (base 12) to base 11.
204
What is -85 (base 13) in base 4?
-1231
What is -2 (base 4) in base 13?
-2
Convert -13 (base 8) to base 9.
-12
0 (base 8) to base 12
0
What is -14 (base 12) in base 10?
-16
Convert 7 (base 8) to base 2.
111
Convert 62 (base 13) to base 6.
212
-b (base 16) to base 13
-b
Convert 10110 (base 3) to base 12.
79
Convert -30 (base 5) to base 14.
-11
122 (base 3) to base 8
21
What is 1a (base 11) in base 16?
15
What is -433 (base 7) in base 16?
-dc
30 (base 10) to base 5
110
Convert -5 (base 11) to base 3.
-12
Convert -18 (base 13) to base 4.
-111
10001 (base 2) to base 3
122
What is -4 (base 12) in base 9?
-4
What is -10 (base 9) in base 7?
-12
What is -1 (base 11) in base 3?
-1
26 (base 8) to base 4
112
What is -2e (base 16) in base 14?
-34
Convert 200 (base 3) to base 7.
24
10111 (base 2) to base 14
19
-12 (base 6) to base 16
-8
Convert 6 (base 15) to base 2.
110
Convert -24 (base 5) to base 10.
-14
-53 (base 8) to base 13
-34
Convert 441 (base 6) to base 2.
10101001
-122 (base 4) to base 3
-222
What is 134 (base 8) in base 12?
78
Convert 55 (base 14) to base 4.
1023
100 (base 2) to base 7
4
14a (base 13) to base 3
22120
11 (base 7) to base 3
22
What is 0 (base 4) in base 16?
0
What is -10 (base 2) in base 8?
-2
-22 (base 3) to base 12
-8
Convert -210 (base 3) to base 7.
-30
What is -32 (base 5) in base 10?
-17
What is 0 (base 2) in base 4?
0
What is 43 (base 9) in base 8?
47
Convert -2 (base 3) to base 4.
-2
What is 104 (base 8) in base 15?
48
4 (base 10) to base 9
4
6 (base 14) to base 16
6
What is 24 (base 5) in base 11?
13
Convert 57 (base 9) to base 10.
52
11 (base 2) to base 1